 = m. Give v(i).
-2
Let i(c) be the first derivative of -c**2/2 - 4*c + 2. Let m(a) be the first derivative of -a**2/2 - 4*a + 2. Let t be m(0). What is i(t)?
0
Let x(o) = o - o + 5*o + 0*o**2 + 2 + o**2. Suppose m = 2*s - 4 - 3, 3*s - 6 = 0. Give x(m).
-4
Let q = -10 + 6. Let n(d) = d. Give n(q).
-4
Let g(j) be the first derivative of -2*j**3/3 + 5*j + 3. Let z(m) be the first derivative of g(m). Determine z(2).
-8
Suppose -4*h - 3*d - 3 = -4*d, 4*d - 12 = 5*h. Suppose h*b = 3*b. Let n(v) = 3*v + 6*v**2 + v - 5*v**2 - 6 - 3*v. What is n(b)?
-6
Let w(d) be the second derivative of -7*d**5/10 + d**4/6 - d**2/2 + 15*d. What is w(-1)?
15
Suppose -2*x = -9 - 1. Let d(h) = h**2 + x*h - 5*h + 0*h + 6*h**3. Give d(-1).
-5
Let z(a) = -4*a + 4. Let w(l) = 1. Suppose 2 = 4*n - 6*n. Let q(f) = n*z(f) + 4*w(f). Let g be (-4)/18 + 7/(-9). Give q(g).
-4
Let f(y) = 6*y + 7. Let l(g) = g + 2. Let i(o) = -f(o) + 2*l(o). Give i(-4).
13
Let q(z) be the second derivative of z**7/840 - z**6/90 - z**5/24 + 5*z**4/24 + 2*z**3/3 + z. Let g(c) be the second derivative of q(c). Give g(5).
5
Let b be -7 + 6 + (-1 - 0). Let q(c) = -2*c**3 - 2*c**2 + c. What is q(b)?
6
Let g(z) be the first derivative of 6*z + 1/3*z**3 - 8 + 3*z**2. Determine g(-4).
-2
Suppose f = -3*f - 8. Let h(y) = 1 + 17*y**2 + 11*y**2 - 39*y**2 + 10*y**2 - 2*y. Calculate h(f).
1
Let s(d) = -6*d - 4*d**2 + 1 + 8*d + d**2 + 2*d**2. Suppose 2*m = -m + 9. Determine s(m).
-2
Suppose -6*j = -15*j. Let c(z) = 3*z**2 + z + 3. Let r(a) = 4*a**2 + 2*a + 4. Let p(v) = 3*c(v) - 2*r(v). Give p(j).
1
Suppose -2*c + 3*c = -18. Let y be 1/(-2) + c/4. Let g(z) = z + 7. Let x(j) = -j - 8. Let a(w) = 6*g(w) + 5*x(w). Determine a(y).
-3
Let g be 2 + (2/(-1) - 4). Let f(c) = 2*c + 4. Let a be f(g). Let p(m) = m + 44 - 24 - 17. What is p(a)?
-1
Suppose 0*h - 19 = -4*t - 3*h, -4*h = 3*t - 16. Let x(f) = f**2 - 4. Let z(j) = j - 1. Let o(y) = x(y) - 3*z(y). Determine o(t).
3
Suppose 4*r + 3*i = -0*i, -r = 3*i - 9. Let t(m) = 3*m + 2. Give t(r).
-7
Let p(k) = -2*k + 1. Let t be (5 - 4)*0/(-1). Let d = t + 2. Give p(d).
-3
Let c = -99 - -90. Let m(p) = p**3 + 10*p**2 + 9*p + 9. Give m(c).
9
Let a(r) = 3 - 2*r - 3 + 1. Let x be a(2). Let s(y) = -5*y**3 - 4*y + 8. Let w(d) = 4*d**3 + d**2 + 3*d - 7. Let m(z) = -3*s(z) - 4*w(z). Give m(x).
-5
Let s be (-10)/8*(-28)/7. Let o(u) = 11 - 4 - 6*u + 1 + s*u. Calculate o(6).
2
Let l = -43 - -45. Let o(f) = -2*f - 1. What is o(l)?
-5
Let v = 19 - 21. Let f(q) be the second derivative of q**4/12 - q**3/3 + 2*q. Determine f(v).
8
Let g be 1*21/(1 - -2). Let a = 15 + -10. Suppose 3*i - 4*s - 4 = 0, -g = a*i - s + 9. Let b(x) = -x**3 - 5*x**2 - 3*x + 5. What is b(i)?
1
Let x(s) = 0*s - 7 + 5 + 4*s - 2. What is x(7)?
24
Let f be (15/(-10))/(3/(-8)). Suppose y = -4*j - 14, -f*j + 18 = 5*y - 6*j. Let g(t) = 3*t**2 + 0*t + 4 - 3 + y*t - t**2. Calculate g(-1).
1
Let p(g) = g**2 - 5*g + 5. Let h(d) = d**2 - 5*d + 5. Let c(s) = 4*h(s) - 3*p(s). Determine c(5).
5
Let r(j) = -j - 12. Let t be r(-8). Let m(a) = -a**3 - 4*a**2 + a + 5. Let w be m(t). Let v(b) = -b**3 + b - 1. What is v(w)?
-1
Let f(c) be the first derivative of 0*c + 1/360*c**6 + 5/24*c**4 - 1/3*c**3 + 2 + 0*c**2 - 7/120*c**5. Let t(a) be the third derivative of f(a). Give t(5).
-5
Suppose 0 = 3*a - 6 + 3. Let l = 0 + a. Let b(i) = 7*i**2 + 9*i - 2. Let s(t) = t**2 + t. Let d(h) = l*b(h) - 6*s(h). Give d(-4).
2
Let c(v) = -39*v**2 - 39*v + 21. Let w(b) = -11*b**2 - 11*b + 6. Let l(o) = 5*c(o) - 18*w(o). What is l(2)?
15
Let s(k) = -4*k - 1. Let d(i) = -4*i. Let p(v) = -4*d(v) + 3*s(v). Suppose 5*y = 3*m - 19, -3*y - 33 = 4*m + 2*y. Let t be ((-1)/m)/(1/6). Calculate p(t).
9
Let d(r) = -6*r - 1. Let p = 13 + -11. Calculate d(p).
-13
Let g(y) = -3*y**2 + 4*y - 1. Let w be g(3). Let d = -10 - w. Let v(p) = -p + 6. Calculate v(d).
0
Let s = 7 - 4. Let f(n) = -6 + 22*n + 3*n - 2*n**2 - 4*n. Let w(i) = i**2 - 10*i + 3. Let u(l) = 6*f(l) + 13*w(l). Calculate u(s).
0
Let z(m) = -20*m - 3. Let y(b) = 1 - 24*b + 19*b + 12*b. Let p(i) = -17*y(i) - 6*z(i). What is p(-2)?
-1
Let y be 3/5*(-20)/(-4). Suppose -2*l - y*d = 18, -2*l + d = 2*l + 22. Let s = l + 8. Let g(z) = z + 2. What is g(s)?
4
Let n(o) be the third derivative of -o**5/60 - 5*o**4/24 + 7*o**3/6 - 4*o**2. Let f be n(-6). Let i(r) = f - 3*r - r**2 + 3*r + r. Give i(-2).
-5
Let t(r) = -r**2 + 10*r + 10. Let q(s) = s**2 - 4 - 5 - 11*s - 2. Let a(c) = 5*q(c) + 6*t(c). Give a(5).
5
Let y(k) = 2*k + 5. Suppose -3*j - 2*j = 2*z - 225, 5*j - 245 = 2*z. Suppose -j = -5*m - s - 0*s, -2*s = 6. Suppose b + b = -m. Calculate y(b).
-5
Let v(m) = -m**2 + 7. Let w = -61 + 61. Calculate v(w).
7
Let j(i) = -i**2 - 3*i + 1. Let a(z) = 2*z - 1 - 3*z + 3*z**2 - 5*z + 5*z - z**3. Let k be a(3). Give j(k).
-3
Suppose 0 = 4*m - 64 - 8. Suppose 4*r - m = s + 4*s, -3*s - 29 = -5*r. Suppose -5*x + n = 0, -x - n + r = 1. Let o(v) = 4*v**2 + v. Give o(x).
5
Let z = -2 + 1. Suppose -4*k + 2 = -2*k - 5*u, 4*k - 4*u = 16. Let x(b) = 0 - b + k*b**2 + 2*b + 1. What is x(z)?
6
Let q(s) be the second derivative of -1/3*s**3 - s**2 + 0 + 3*s. Calculate q(-5).
8
Let j = 5 + -1. Let y(g) = g**2 - 4*g + 2. Let a(z) = -z**2 + 3*z - 2. Let d = -3 + 0. Let q(t) = d*y(t) - 2*a(t). Give q(j).
6
Let h(v) be the second derivative of 1/6*v**4 + 2/3*v**3 + 1/2*v**2 + 2*v + 0 - 1/20*v**5. What is h(3)?
4
Let z(f) = -f**2 + f + 4. Suppose -2*x + 3*g + 9 = 0, 5*g + 9 + 8 = 4*x. Give z(x).
-2
Let y(p) be the second derivative of -p**3/3 - p**2/2 + 3*p. What is y(1)?
-3
Let y(l) = -l**3 - 3*l**2 - 4. Let u be 2*(-2 + 5/10). Give y(u).
-4
Let u(h) = 1 + 0 - 3 + h + 3. Let l = -3 + 4. Let t be (-2 + 1)*(l + 3). Determine u(t).
-3
Let t(d) be the first derivative of 4*d + 5/12*d**4 - 1/3*d**3 - 1/20*d**5 - 3 + 3/2*d**2. Let c(b) be the first derivative of t(b). Calculate c(2).
11
Let q(l) = -l**2 + 5*l - 2. Let u(v) = -v**2 + 5*v - 1. Let f be u(4). Determine q(f).
4
Let r(k) = -k**2. Let c(h) = -7*h**3 + 2*h**2 + h. Let x be c(-1). Suppose -2*d - 2 = -x. Suppose 2*f + d - 1 = 0. Calculate r(f).
-1
Let y(r) = 2*r + 5. Let i be 1/(((-4)/7)/4). Let o be (-2)/5*(-1 - -6). Let u = i - o. Calculate y(u).
-5
Let h(o) = 8*o**2 - 1. Suppose 0 = 2*n + 3*z + 36, -n - 18 = -0*n + 2*z. Let i be (-4)/n + (-35)/(-45). What is h(i)?
7
Let s(y) be the first derivative of y**5/20 + 5*y**4/12 - 7*y**3/6 + y**2 - 6*y - 4. Let m(d) be the first derivative of s(d). Calculate m(-6).
8
Let d(a) = a + 3*a - 5*a. Let j(t) = t**2 + 5*t + 4. Let g be j(-3). Let c(n) = 6*n + 1. Let h(y) = g*d(y) - c(y). Calculate h(1).
-5
Let z(k) = k**2 - 2*k + 1. Let r be z(2). Let d(v) = 0*v + 2*v - 9 + 10. Determine d(r).
3
Let m(x) be the first derivative of x**3/3 + 2*x**2 - 3*x - 1. Suppose -2*b - 22 = -4*b + 4*p, 4*p + 37 = 5*b. Let t = -9 + b. What is m(t)?
-3
Let c = -3 - -7. Let d(l) = l - c + 0*l + 0. Determine d(3).
-1
Let z(p) = 9*p + 4 - p**3 - 9*p + p**2. Suppose -3*x + 2*x = 0. Give z(x).
4
Let v(x) = 115*x + 3 + x**2 - 109*x + 0*x**2. Determine v(-6).
3
Let x(g) be the second derivative of -g**5/20 + g**4/6 - 2*g**3/3 + g**2 - g. Suppose 0 = -3*f + 5*f - 2*v, 5*v = -f + 12. Give x(f).
-6
Suppose 4*c = -2*y - 2*y + 36, 5*c = -4*y + 39. Let v(r) = -1 + 3*r - 3 - 3. Give v(y).
11
Let a(k) = -k - 5 + k**2 - k**3 + 11*k**3 - 9*k**3. Determine a(0).
-5
Let o(t) = -2*t + 1. Let r(b) = 5*b - 3. Let j(l) = -5*o(l) - 3*r(l). Let d(v) = -3*v + 3. Let i(n) = -8*d(n) + 5*j(n). Let u be (-4)/6 - 26/6. Give i(u).
1
Let f(x) = x**3 + 2*x**2 - 5*x - 2. Let h = 34 - 37. Give f(h).
4
Let y(g) = -g**2 + 8*g - 5. Let j = -26 + 33. Calculate y(j).
2
Let f(k) = 3*k**2 - 8*k + 9. Let w(p) = -2*p**2 + p. Let i(c) = -f(c) - w(c). Suppose 5*s = s + 24. Give i(s).
-3
Let a(j) = j**3 - 5*j**2 + 4*j - 4. Let i(w) = -w**3 + 6*w**2 + w + 1. Let d be i(6). Let s be 47/d + 4/14. Let b = s - 3. What is a(b)?
-4
Let z(v) = v - 13. Let u(h) = -2*h + 27. Let l(n) = -4*u(n) - 9*z(n). Calculate l(-8).
17
Let g(n) = -n**2 - 2*n + 6. Suppose -25 = 10*h - 5*h. Give g(h).
-9
Let t be 10*(-8)/(-160) + (-3)/(-2). Let c(p) = 3*p. Give c(t).
6
Let k(l) = 0*l + 1193*l**2 + l**3 - 6 + 9*l - 1200*l**2. Determine k(6).
12
Let p = 10 + -14. Let r(h) be the second derivative of -h**4/12 - 2*h**3/3 - 3*h**2 - 3*h. 